 m(i) = i**2 + i - 3. Give m(w).
9
Let u(j) = -j**3 + 5*j**2 + 9*j + 22. Let n(i) = 12*i**2 - 104*i - 29. Let k be n(9). Calculate u(k).
-13
Suppose -285*w + 309*w = -96. Let a(u) be the second derivative of -u**5/20 - u**4/3 + u**2 + u. Give a(w).
2
Let y(n) = 5290*n**3 - 10547*n**3 + n + 2*n**2 - 3 + 5258*n**3. What is y(-3)?
-15
Let p(k) = 20 + 4*k**2 - 10 + 4*k + 7 - 10 + k**3 - 2. Calculate p(-4).
-11
Let u(r) be the first derivative of -r**3/3 - 6*r**2 - 2*r + 942. Determine u(-7).
33
Let h(v) = 3*v - 4. Suppose 2*d = 5*d + 4*r - 272, -4*d + 4*r = -316. Let f = 132 - d. Suppose f - 20 = 7*c. Determine h(c).
8
Let a(q) = -2 - q - 29*q**3 - 6*q**2 - 25*q**3 + 55*q**3 + 3*q. Let k be (((-252)/(-16))/21)/((-2)/(-8)). Determine a(k).
-23
Let y(u) = 2*u**3 - 8*u**2 + 6*u - 7. Suppose 63*o - 115 = 200. What is y(o)?
73
Let k be 2 - (-1 + (-1 - (-3 - -1))). Suppose -p + 4*p - 4*j - 37 = 0, -5*j = k*p - 63. Suppose -31 + p = -3*h. Let z(c) = c**2 - 6*c + 6. Determine z(h).
-2
Let n(f) = -f**3 + 6*f**2 - 4. Let i be 1/((-2)/4 - 182/(-273)). What is n(i)?
-4
Let i(y) = -10*y**2 - 497*y + 153. Let w be i(-50). Let x(z) be the first derivative of -7/3*z**w - 1/2*z**2 + z - 17. Give x(1).
-7
Let c(b) = 74*b + 138. Let n = 28507 + -28509. Determine c(n).
-10
Suppose -3*z + 5*m = -0*m - 16, -3*z - m = -40. Suppose -12 = -8*b + z. Let d(l) = -2*l + 3. What is d(b)?
-3
Let a(z) = z**3 - 7*z**2 + 5*z - 3. Let w be 3 + 3 - (12/42)/((-2)/(-7)). Determine a(w).
-28
Let l(q) = 2*q - 4. Suppose 3*r = 2*u, 0 = -2*r - r - 4*u. Suppose -3*z - v = -8, 3*z - 4*v + v - 12 = r. Suppose z*m = -12 - 0. Give l(m).
-12
Let h(p) = -235*p - 50 + 45 + 238*p. What is h(-2)?
-11
Let i(d) = -116*d + 1075. Let p(u) = -33*u. Let j(h) = i(h) - 4*p(h). Give j(-67).
3
Let z = -603 - -423. Let d be (-6)/14 - z/28. Let s(p) = -2*p - 1. What is s(d)?
-13
Suppose 3*v + 2 + 3 = 11. Let x(y) be the first derivative of -7*y + 1/4*y**4 - 7/3*y**3 + 1/2*y**v - 16. Calculate x(7).
0
Let z(d) = d**3 - 4*d**2 - 2*d - 2. Let y = -63 + 68. Suppose 3*n + y*n = 0. Suppose n = -5*r + r + 16. Give z(r).
-10
Let c(g) = -g**2 + 22*g - 2. Suppose -248*o + 18*o + 3855 = -285. Give c(o).
70
Let t(r) be the first derivative of r**4/4 + 8*r**3 + r**2/2 + 26*r + 324. Calculate t(-24).
2
Let s(j) = j**2 - 10*j + 4. Let p(t) = t**2 - 58*t - 521. Let k be p(-8). Give s(k).
-17
Let v(z) = z**3 - 3*z**2 - 6*z + 1. Suppose 20*y - 12*y - 17 - 15 = 0. Calculate v(y).
-7
Let u(f) = f**3 + 7*f**2 + 9*f + 9. Let o(i) = -5*i + 20. Let x(w) = 10*w - 41. Let l(t) = -11*o(t) - 6*x(t). Let h be l(-5). Let n = h + -57. Give u(n).
-9
Let g(w) = 3*w + 1 - 10*w - 6 - 4*w. Let i(a) = -a - 2. Let c(z) = -g(z) + 2*i(z). Calculate c(-2).
-17
Let b(v) = -24*v + 3. Let x(y) = 27*y. Let d(u) = -3*b(u) - 3*x(u). Calculate d(8).
-81
Let u be 0 - ((1 + -6)/5 + -2). Let i(j) = -3*j**2 + 3*j - 9. Calculate i(u).
-27
Let z(x) = -x**2 - 2*x + 3*x + x. Let o be (-6)/21 + (-195)/(-21). Suppose c = -o*c + 10. Calculate z(c).
1
Let z(j) = 4*j**3 - 14*j**2 + 4*j + 15. Let s(a) = -7*a**3 + 27*a**2 - 9*a - 29. Let y(n) = 3*s(n) + 5*z(n). Let o(p) = 264*p - 1574. Let l be o(6). Give y(l).
18
Suppose -4*h = -4*l - 52, 4*h - 28*l = -30*l + 22. Let r(i) = -i**3 + 8*i**2 + 11*i - 7. Calculate r(h).
81
Let q(z) = 46 - 3*z**2 - 32*z**3 + 6*z - 6*z - 4*z**2 + 40*z**3. Let c(d) = 3*d**3 - 2*d**2 + 16. Let f(l) = 11*c(l) - 4*q(l). Give f(-6).
-8
Let k = 20 + -17. Let w(m) = -1 + 1 + m**2 + k - 36*m + 41*m. Calculate w(-6).
9
Let n = 28824 + -28828. Let w(o) be the first derivative of -o**4/4 - 5*o**3/3 - o**2 - 5*o - 1. What is w(n)?
-13
Let z(k) = -k + 62. Let j(y) = -51*y + 289. Let p(l) = -j(l) + 3*z(l). Calculate p(2).
-7
Let r be (-306)/10 + 14/(-35). Let w = r + 37. Let l(x) = -x**2 + 7*x + 3. Determine l(w).
9
Let h(g) = -4*g**2 - 12*g + 12. Let k = -5374 + 5370. Determine h(k).
-4
Let n be 7200/(-1600)*(-4)/(-6). Let c(b) = -7*b - 2. Give c(n).
19
Let a(j) = -j**3 + j**2 - 2. Suppose 0 = -3*q + 1310 + 478. Let i = q - 594. Calculate a(i).
-6
Let x be 3/(0 + (-12)/(-8)). Suppose -x*o + 14 = 10. Let k(w) = -3 - 140*w**2 + 141*w**2 + 7*w + o. Determine k(-7).
-1
Let d(w) = -5*w + 2. Let v(i) = 30*i - 12. Let a(m) = 15*d(m) + 2*v(m). Give a(2).
-24
Let t(x) be the third derivative of x**4/24 - x**3/3 + 186*x**2. Let k = 8 - 18. Give t(k).
-12
Let d(h) be the third derivative of -h**5/60 - 5*h**4/4 - 127*h**3/6 + 28*h**2. What is d(-5)?
-2
Let l(g) = -5*g**3 + 2*g**2 + g + 2. Let j(o) = -2*o**2 - o - 3. Let a(q) = 2*j(q) + l(q). What is a(-2)?
30
Let d(p) = p**2 - 4*p - 2. Let a = 69 - -4. Suppose -3*t + a = 2*u, 4*t + 4*u - 37 = 55. Suppose 5*l - t = -c, -4*l - c - 2*c = -26. Give d(l).
3
Let q = -20 - -26. Let s(k) = -q + 3*k - k - 4*k + k. Let i(y) = 1. Let j(m) = -i(m) - s(m). Calculate j(0).
5
Suppose 0 = -5*t - v + 69, -304*v = 5*t - 305*v - 61. Let l(p) = -p**2 - 8*p + 281. Determine l(t).
8
Let h(m) = -m**3 + 7*m**2 + 10*m - 13. Let a = 11 + -3. Let c be h(a). Suppose 3*v = -3*g + 18, 0 = 2*v - 3*g - 0 + c. Let t(f) = f**2 - f - 2. Calculate t(v).
4
Let b be 258/40 - (-274)/5480. Let m(c) be the first derivative of 7*c - 37 - b*c**2 + 1/3*c**3. Give m(13).
7
Suppose d = -3*q + 20, 59*q + 2*d = 61*q - 8. Let x(n) = 17*n - 100. Give x(q).
2
Let c(s) = 3*s**2 - s + 3. Let r = 244 - 246. Calculate c(r).
17
Suppose 22*i + 27*i = 1470. Let o(l) = -l**3 + 31*l**2 - 28*l - 66. Determine o(i).
-6
Let h(r) = 3*r**2 - 9*r + 1. Let s(v) = -3*v**2 - 2*v**2 + 7*v**2 - v**2. Let n(b) = -h(b) + 4*s(b). Give n(-7).
-15
Let r be (5/40 - 1/8) + 96. Let a = -92 + r. Let o(w) = -w**3 + 5*w**2 - 6*w + 5. Give o(a).
-3
Suppose -w - 6*w + 7 = 0. Let n(r) be the first derivative of 21*r**2/2 + r + 110. Calculate n(w).
22
Let m(p) = -4*p**2 - p - 13. Let o(c) = -16*c**2 - 3*c - 59. Let u(q) = -9*m(q) + 2*o(q). Determine u(3).
44
Let v(m) = -7*m**2 - 8*m - 2. Let u be -4*(-5 - (-36)/8). Let r(k) = -28*k**2 + k**u - 17*k - 4 + 12*k**2. Let x(a) = 4*r(a) - 9*v(a). Give x(-2).
6
Let i be 8/2 - 2 - -4. Suppose 3189*y + 22 = 3200*y. Let d(l) = -6 + i*l**y + 2*l - 7*l - 9*l**2 + 2*l**2. Give d(-5).
-6
Let x(z) be the first derivative of -4/3*z**3 + 76 - z + 1/4*z**4 - 3/2*z**2. What is x(4)?
-13
Suppose 928 - 74 = 122*j. Let c(x) = -x**2 + 7*x - 25. Calculate c(j).
-25
Let c = 4252 - 4246. Let s(z) be the first derivative of z**4/4 - 5*z**3/3 - z**2/2 - 8*z - 3. What is s(c)?
22
Let k(r) = 109*r**3 + 4*r - r - 2 + 3 - 220*r**3 - 2*r**2 + 110*r**3. Calculate k(-5).
61
Let r(w) = -72*w - 83*w - 9 + 2 + 259*w - 67*w. Determine r(3).
104
Let p(i) = i**3 - 66*i**2 + 107*i + 1345. Let u be p(64). Let r(j) = 60*j + 8. Determine r(u).
68
Let o(j) be the third derivative of -3*j**2 + 0*j - 1/2*j**3 + 0*j**4 + 3 + 1/30*j**5. What is o(-3)?
15
Let c(o) = 41*o - 30. Let m(g) = -11*g + 7. Let z(y) = -4*c(y) - 15*m(y). Calculate z(-13).
2
Let z(c) = -25*c + 227. Let x be z(9). Let p(h) = -h**3 - 30 + 14 + x*h**3 - 12*h - 6*h**2 + 24. Determine p(8).
40
Let p(d) = -52 - 1 - 24*d + 34*d. Calculate p(6).
7
Let q(x) = -18*x - 234. Let d be q(-13). Let j(r) = -r**3 + 2*r - 27. What is j(d)?
-27
Let i be 0 - -26 - (7 + -7). Let h = i + -18. Let v(x) = -2*x**2 - x. Let f(n) = -13*n**2 + 2*n - 3. Let p(d) = -f(d) + 6*v(d). Give p(h).
3
Let m(p) = 5*p - 4. Suppose 0*x - 3*d + 90 = 4*x, 3*d = 5*x - 126. Let k be 1 - 4/(x/(-18)). Calculate m(k).
16
Let v(r) = 2*r. Let a = -16 + 18. Suppose 18 = 7*y + a*y. Suppose 3*t - 5 = -5*u, 5*u = y*t - 2 + 7. Give v(u).
2
Let x be 6*(0/(-1) - ((-108)/8)/9). Let h(s) be the first derivative of -s + 1/2*s**2 - x. Give h(-5).
-6
Let d(i) be the first derivative of -2*i**3/3 - 21*i**2/2 + 102*i - 2376. Determine d(-14).
4
Let o(r) = r**2 - 10*r + 10. Let h be ((-54)/4 - 0)*(-84)/63. Suppose -1236 = 6*s - h*s. Let i = s - 94. Calculate o(i).
1
Let t(j) = 3*j + 28. Suppose 4*k = -24*a + 32*a + 148, -k - 59 = 4*a. Determine t(a).
-20
Let w = -2229 - -2229. Let i(v) = v**3 - v**2 - v + 19. What is i(w)?
19
Suppose -7 = 4*t - 7. Let v be 6 + t*(-2 + 3 + 0). Let u(q) = -q + 4. Give u(v).
-2
Suppose 5*u + k = 10, -3*k = -5*u - 8*k - 10. Suppose 5*r + 4*y = -u + 6, 3*y = 6. Let l(s) = s**2 + 0*s**2 + 10*s**2. Calculate l(r).
11
Let s(h) = -h**2 - 5*h - 1. Let x be -4 - (49